alculate q(-26).
-173
Let i(h) = -4471*h - 384502. What is i(-86)?
4
Let k(g) = 4531*g - 22472. What is k(5)?
183
Let j(r) = 906*r - 23550. What is j(26)?
6
Let f(s) = s**3 - 18*s**2 - 14*s + 562. Calculate f(15).
-323
Let r(c) = 2*c**3 - 13*c**2 - 12*c - 91. Calculate r(6).
-199
Let j(z) = 19*z**2 - 3309*z + 36979. Give j(12).
7
Let q(j) = -13823*j - 278530. Determine q(-20).
-2070
Let k(h) = -4*h**2 + 2470*h - 9815. Determine k(4).
1
Let t(j) = 12*j**2 + 16882*j - 694490. Calculate t(40).
-10
Let d(p) = -4*p**2 - 1095*p - 37214. What is d(-234)?
-8
Let q(y) = -5533*y - 2329421. Determine q(-421).
-28
Let c(h) = 4*h**2 - 1049*h + 38428. Give c(218).
-158
Let u(t) = 288080*t + 2016602. What is u(-7)?
42
Let c(s) = 1844*s**2 + 12913*s + 52. Determine c(-7).
17
Let x(l) = -l**2 + 802*l + 5583. Calculate x(-7).
-80
Let b(h) = 59*h - 4402. Give b(70).
-272
Let a(u) = 2*u**3 + 59*u**2 + 359*u + 79. Give a(-10).
389
Let b(c) = 897*c + 90525. Determine b(-101).
-72
Let f(x) = -1020*x - 285572. Calculate f(-280).
28
Let y(f) = -213*f**3 - 206*f**2 + 70*f + 70. Determine y(-1).
7
Let i(g) = g**3 + 23*g**2 + 17*g - 442. Give i(-21).
83
Let a(q) = 21027*q + 30762508. What is a(-1463)?
7
Let a(t) = 23219*t - 859097. Calculate a(37).
6
Let x(k) = 3*k**3 + 90*k**2 + 9*k + 567. Calculate x(-30).
297
Let u(o) = 2*o**2 - 343*o + 1668. Determine u(5).
3
Let u(y) = -1191*y - 9602. Give u(-8).
-74
Let b(o) = -o**3 + 5*o**2 + 578*o + 3184. Determine b(-6).
112
Let w(l) = -l**3 + 4*l**2 + 237*l - 30. Give w(-19).
3770
Let p(y) = 34*y**2 - 5819*y + 33697. What is p(6)?
7
Let w(x) = -5*x**2 - 1386*x - 61938. Give w(-56).
-2
Let m(s) = -946*s + 558. Determine m(4).
-3226
Let k(s) = 7*s**3 - 1144*s**2 - 7824*s + 682. Determine k(170).
2
Let z(x) = x**3 + 252*x**2 + 4650*x + 1229. Determine z(-232).
-1091
Let z(l) = 2*l**3 - 208*l**2 - 418*l - 183. Calculate z(106).
453
Let x(q) = 2*q**3 - 242*q**2 + 3*q - 441. What is x(121)?
-78
Let k(d) = 9709*d - 48141. Determine k(5).
404
Let t(h) = 26036*h + 27389873. Give t(-1052).
1
Let i(c) = 7*c**2 - 356*c - 11857. Calculate i(-24).
719
Let c(b) = -4*b**2 - 203*b + 5185. Give c(22).
-1217
Let u(j) = 9*j**3 + 42*j**2 - 26*j - 116. Calculate u(-5).
-61
Let w(f) = -9*f**3 + 143*f**2 + 7*f + 260. Give w(16).
116
Let z(w) = 22253*w + 133358. Give z(-6).
-160
Let n(d) = 27648*d - 221153. Give n(8).
31
Let r(g) = 8*g**3 - 46*g**2 - 174*g - 48. Give r(-4).
-600
Let t(s) = 13*s**3 - 560*s**2 + 35*s + 320. Give t(43).
-24
Let d(f) = 50*f**3 + 187*f**2 + 179*f - 8. What is d(-1)?
-50
Let j(b) = 4*b**2 + 160*b + 327. Calculate j(-38).
23
Let c(w) = w**2 + 299913*w + 1799453. What is c(-6)?
11
Let c(x) = x**3 - 3*x**2 - 95*x + 294. Give c(3).
9
Let s(w) = 21*w**2 - 239*w + 936. What is s(4)?
316
Let w(q) = -3*q**3 + 3*q**2 - 140*q + 69. Give w(0).
69
Let w(m) = -437*m**2 - 8313*m + 24. Give w(-19).
214
Let b(a) = 41678*a + 2375658. Determine b(-57).
12
Let m(w) = 58*w**2 - 14827*w - 5342. Determine m(256).
34
Let y(v) = 28*v**3 - 446*v**2 + 413*v + 16. Determine y(1).
11
Let l(k) = -k**3 - 67*k**2 - 1100*k + 525. What is l(-31)?
29
Let o(u) = 124*u**3 - 15122*u**2 - 734*u + 250. Give o(122).
6
Let f(l) = 101742*l + 1119156. Give f(-11).
-6
Let q(h) = -21951*h - 131618. Calculate q(-6).
88
Let y(p) = p**3 - 7*p**2 - 8324*p + 33359. Give y(4).
15
Let y(u) = -5*u**2 + 363*u + 521. Determine y(74).
3
Let l(g) = g**2 + 2915*g + 243287. Calculate l(-86).
-7
Let f(m) = -263780*m + 4748051. Calculate f(18).
11
Let s(d) = 242*d + 13445. Determine s(-56).
-107
Let x(h) = h**3 - 3*h**2 - 96*h - 39. Calculate x(14).
773
Let m(c) = -836*c - 147973. Give m(-177).
-1
Let j(q) = 61*q**2 - 1199*q - 396. Calculate j(20).
24
Let z(u) = 5*u**3 + 28*u**2 - 4*u + 148. Calculate z(0).
148
Let a(u) = -2*u**3 + 206*u**2 + 1510*u - 192. Determine a(-7).
18
Let r(k) = -3*k**2 + 2478*k - 273134. What is r(131)?
1
Let x(l) = -l**3 - 2876*l**2 - 23062*l - 946. Calculate x(-8).
-2
Let z(o) = 12*o**3 + 216*o**2 + 391*o + 255. Give z(-16).
143
Let a(m) = -m**3 - 24*m**2 + 19*m - 292. What is a(-25)?
-142
Let s(r) = 1013*r - 2948. Calculate s(3).
91
Let z(a) = -75*a**2 + 122*a + 529. Give z(4).
-183
Let t(w) = 4473*w + 970637. Give t(-217).
-4
Let k(h) = -15*h**3 + 198*h**2 + 1173*h + 53. Determine k(-6).
3383
Let i(n) = -6*n**3 - 66*n**2 + 44*n + 557. Calculate i(-11).
73
Let y(j) = -247775*j**2 + 2229973*j + 25. Give y(9).
7
Let n(a) = 816*a - 293. Calculate n(2).
1339
Let y(n) = n**3 - 32*n**2 - 835*n - 143. Calculate y(49).
-241
Let i(k) = 1669*k - 8508. Determine i(5).
-163
Let q(l) = -322*l - 6132. What is q(-19)?
-14
Let h(i) = -3*i**3 + 80*i**2 + 1417*i + 146. Calculate h(39).
-868
Let q(n) = -n**2 - 92*n - 932. What is q(-20)?
508
Let a(z) = -z**3 - 686*z**2 + 4163*z + 7612. Give a(-692).
0
Let v(x) = -x**3 + 137*x**2 + 713*x + 20730. What is v(143)?
-5
Let g(x) = -7*x**2 - 266*x - 3008. Calculate g(-12).
-824
Let z(n) = 2822*n - 39572. What is z(14)?
-64
Let d(q) = q**3 - q**2 - 59*q + 416. Give d(6).
242
Let j(i) = 2*i**2 + 103*i - 412. Calculate j(6).
278
Let p(n) = n**3 + 175*n**2 - 1279*n - 73. Calculate p(7).
-108
Let w(v) = 11725*v + 375213. What is w(-32)?
13
Let z(x) = 2647205*x + 10588824. Calculate z(-4).
4
Let h(c) = 593*c + 56312. Determine h(-95).
-23
Let z(t) = 2*t**2 + 12*t - 943. Determine z(-21).
-313
Let j(m) = -18*m**2 + 7843*m - 21143. Give j(433).
74
Let v(g) = 9*g**2 + 59*g + 18. Calculate v(-9).
216
Let n(b) = -5180*b + 709525. Give n(137).
-135
Let j(d) = -2*d**3 + 893*d**2 - 483*d + 16575. What is j(446)?
73
Let c(n) = 4595*n + 385984. Calculate c(-84).
4
Let w(k) = -4*k**3 + 38*k**2 - 622*k + 6415. Give w(10).
-5
Let a(v) = v**3 - 120*v**2 - 2342*v + 2043. Determine a(137).
262
Let x(w) = 1011*w**2 - 500*w - 492. Determine x(-1).
1019
Let m(y) = 12552*y + 878664. Calculate m(-70).
24
Let v(y) = -4*y**3 - 72*y**2 + 174*y + 123. What is v(-20)?
-157
Let t(f) = -11*f**3 + 1083*f**2 - 488*f - 201. Determine t(98).
-5
Let j(c) = 4*c**3 - 234*c**2 + 159*c - 2469. Determine j(58).
25
Let z(x) = -5*x**3 - 3389*x**2 - 6085*x - 632. What is z(-676)?
44
Let j(a) = a**2 - 655*a - 20006. Give j(-29).
-170
Let n(u) = 8063*u - 96757. Calculate n(12).
-1
Let v(q) = q**3 - 78*q**2 + 97*q - 1567. Calculate v(77).
-27
Let s(c) = -c**3 + 23*c**2 - 139*c + 219. Calculate s(6).
-3
Let s(j) = j**3 - 5*j**2 + 15843*j - 79207. Calculate s(5).
8
Let r(u) = 40*u**2 + 2106*u - 12675. What is r(6)?
1401
Let r(f) = 49*f**2 - 3829*f - 11449. What is r(-3)?
479
Let a(i) = i**2 + 3982*i - 43. Give a(0).
-43
Let m(o) = o**3 + 553*o**2 + 54692*o - 1692. Calculate m(-424).
4
Let w(j) = -j**3 + 20*j**2 + 3154*j + 343. Calculate w(-47).
108
Let o(n) = 18*n**2 + 74*n - 61. Give o(4).
523
Let q(v) = v**2 + 76106*v + 2. Determine q(0).
2
Let c(w) = 20910*w - 229996. Give c(11).
14
Let g(b) = 4*b**2 + 344*b - 42559. Determine g(-155).
221
Let x(n) = 10*n**3 + 3481*n**2 + 350*n + 725. What is x(-348)?
29
Let y(n) = -214308*n - 1714450. Determine y(-8).
14
Let n(y) = 16*y**2 - 824*y + 5852. Calculate n(43).
4
Let w(a) = -a**3 + 34*a**2 - 149*a + 1686. What is w(31)?
-50
Let m(d) = -18*d**2 - 2600*d + 9595. Calculate m(-148).
123
Let g(s) = -21*s**2 - 274*s - 8. Calculate g(-13).
5
Let h(y) = -122*y + 9137. Determine h(77).
-257
Let z(c) = c**3 + 240*c**2 - 1220*c + 1227. Give z(-245).
2
Let d(p) = 2*p**2 + 822*p - 25280. Give d(30).
1180
Let g(r) = -8*r**2 + 223*r - 63. What is g(28)?
-91
Let p(y) = -y**2 + 398*y + 145293. What is p(-231)?
-6
Let a(s) = 8*s**2 - 241*s + 228. Give a(30).
198
Let u(o) = -2*o**3 - 133*o**2 - 1267*o - 98. Determine u(-55).
12
Let b(t) = -374*t + 111416. What is b(298)?
-36
Let z(g) = -g**3 - 22*g**2 + 37*g - 419. Give z(-25).
531
Let h(p) = 10*p**2 + 190*p + 112. Give h(-17).
-228
Let v(s) = -15*s**3 + 992*s**2 - 132*s + 59. Determine v(66).
59
Let z(y) = -13011*y + 845694. Calculate z(65).
-21
Let w(s) = 29*s**2 - 35764*s - 27160. Give w(1234).
-12
Let z(i) = 12*i**2 + 1079*i - 3430. Calculate z(-93).
11
Let f(z) = z**3 + 61*z + 590. What is f(-6)?
8
Let u(a) = 3*a**3 - 45*a**2 + 147*a + 37. Calculate u(10).
7
Let p(j) = -134*j**2 - 4*j + 6218. Calculate p(0).
6218
Let d(w) = -3*w**3 - 303*w**2 + 944*w + 57. Calculate d(-104).
-775
Let a(b) = -b